 the prime factors of w?
5
Suppose -40*w = -32*w - 10760. List the prime factors of w.
5, 269
Let r = 289 - 192. What are the prime factors of r?
97
Let q = -226 - -257. Let t(v) = v**2 + 4*v - 2. Let p be t(-5). Suppose 2*f = 5*n - 2*n + 28, -p*f + q = n. What are the prime factors of f?
11
Suppose 4*i + 2*j + 5 + 1 = 0, 5*j - 13 = -3*i. Let s be 65 - i/(-6)*3. Suppose 4*b = 2*b - 4*c + 36, -s = -2*b + 5*c. What are the prime factors of b?
2, 3
Let u(r) = 2*r + 8. Let x be u(-7). Let h be 332/(-6)*9/x. Suppose -4*g + 2*b = -3*b - 110, 3*g - 4*b = h. List the prime factors of g.
5
Let v be (-8)/(-6*2/(-138)). Let h = 39 + v. Let o = 104 + h. List the prime factors of o.
3, 17
Suppose -10*t + 40 = -14*t. Let f(j) = 3*j**2 + 7*j + 26. List the prime factors of f(t).
2
Suppose 10*s - 4*m = 7*s + 1420, 4*s - 1890 = 2*m. What are the prime factors of s?
2, 59
Suppose -7*b = -1271 + 270. List the prime factors of b.
11, 13
Suppose 0*f = -2*f + 6, 5*a = -f + 28. Suppose -l = a*r - 2 + 3, 0 = 2*r + 6. Suppose l = -2*p + 4*p. List the prime factors of p.
7
Let s = -327 + 437. What are the prime factors of s?
2, 5, 11
Let a(t) = 2*t**2 - 6*t - 1. Let r(y) = 3*y**2 - 7*y - 1. Let d(w) = -6*a(w) + 5*r(w). Let m be d(-1). What are the prime factors of 20*(m + 3/(-12))?
5, 11
Suppose 5*d - 19 = 3*u, 14*d + 5 = -u + 15*d. Suppose i = 1 + 6. Let x = i + u. List the prime factors of x.
2
Suppose 0*o = 6*o - 18. Suppose 3*i + 64 = 3*z + 376, -o*i + 314 = -5*z. What are the prime factors of i?
103
Let d be 1 + (-2)/(-4)*6. List the prime factors of (d + -4 + -44)/(-2).
2, 11
Suppose 10 = -2*o, 8*o = u + 5*o - 2775. List the prime factors of u.
2, 3, 5, 23
Let x(l) = -61*l**2. Let s be x(1). Let c = 0 - s. Suppose 7*q = 2*q + m + 140, -c = -3*q - 4*m. List the prime factors of q.
3
What are the prime factors of (-1104)/414 + (-4102)/(-6)?
3, 227
Let x = -27 + 39. Let v be 6 - 2 - 4/(-2). Let m = x + v. What are the prime factors of m?
2, 3
Let q = -12 + 36. Suppose 3*f = 7*f + q. List the prime factors of (f/9 + 3)*6.
2, 7
Let o(k) = -k**2 + k. Let x be o(1). Suppose -v = 2*a - 10, -v = -x*a - a + 2. Suppose 18 = v*n - 34. What are the prime factors of n?
2, 13
Let o(k) = 16*k + 0*k**2 - k**3 + 3 - 3 - 11*k**2 - 3. Let l be o(-12). Let v = -35 - l. List the prime factors of v.
2
Let x = 1 - 28. What are the prime factors of x/(-12)*(61 + 0 + -1)?
3, 5
Let u(s) = -s - 4. Let f be u(-7). Suppose -3*x - f = 2*a - 7, 3*a = -5*x + 5. Suppose 5*c - 85 = 5*g, -a*c + 2*c + g = -47. What are the prime factors of c?
3, 5
Suppose -3*m = 2*m + l - 1287, -1022 = -4*m + 3*l. List the prime factors of m.
257
Let i(f) = 45*f + 9 - 30 - 11 - 17*f. What are the prime factors of i(6)?
2, 17
Let n be (4/(-1) - -5)/((-1)/(-41)). Let x = 2 + 1. Suppose -n = -x*q + 10. What are the prime factors of q?
17
Suppose 0*i = -3*i + 219. Let j = i - 42. Let k = j - 14. What are the prime factors of k?
17
Let j = 325 - -405. What are the prime factors of j?
2, 5, 73
Let r(n) = -n + 451. List the prime factors of r(8).
443
Let t = 2 + -3. Let o be 4 + 3 + t + -2. Suppose -97 = -5*z + u, 3*z - o*u - 48 = -0*z. List the prime factors of z.
2, 5
Let g = 2140 - 1421. List the prime factors of g.
719
Let v(k) be the third derivative of -5*k**4/12 + 5*k**3/3 + 8*k**2. What are the prime factors of v(-5)?
2, 3, 5
Suppose f - 2 = 0, 20*g = 21*g - 2*f - 774. What are the prime factors of g?
2, 389
Suppose 5*m = -h + 471, -5*h + m = 2*m - 2307. Suppose 0 = 4*g + k - h + 62, 4*g + 2*k = 398. List the prime factors of g.
2, 5
Suppose -5*z + 1 = m, -3*m + 4*z - 110 = -8*m. Let s be (2/4)/(3/24). Let u = m + s. List the prime factors of u.
2, 3, 5
Let q = -23 - 4. List the prime factors of (-4)/18 + (-2004)/q.
2, 37
Suppose -5*z + 3*x + 1509 = 0, x = -4*z + 427 + 787. What are the prime factors of z?
3, 101
Suppose -2*t - 4*w - 10 = 0, -2*t - 3*w = -6*w - 25. Suppose -t*s - 40 = -3*l, 3*l - l - 5*s - 35 = 0. List the prime factors of (l/(-4))/(1/(-40)).
2, 5
Suppose 0 = 9*f - 1190 - 655. List the prime factors of f.
5, 41
Suppose 408 - 839 = -h. What are the prime factors of h?
431
Let o = 23 + -19. Suppose 0 = -x + 3*x - p - 136, -5*x + o*p + 334 = 0. What are the prime factors of x?
2, 5, 7
Let m be -9 + 415/45 + (-32)/(-18). Suppose f - 320 = -2*c - m*f, -480 = -3*c + f. List the prime factors of c.
2, 5
Suppose -3*l = -g + 340 + 453, 5*g - 3*l = 3965. What are the prime factors of g?
13, 61
Let c be (120/14)/(3/105). Suppose 13 + 223 = 4*q + 5*f, 0 = -5*q - 5*f + c. What are the prime factors of q?
2
Let p = -27 - -33. What are the prime factors of 128/p*3/2?
2
Let k(z) = -z**2 - 14*z - 11. Let b be k(-13). List the prime factors of 3 - 0/b - -7.
2, 5
What are the prime factors of 11*(8 + (-172)/22) + 362?
2, 7, 13
Let r = 27 + -26. What are the prime factors of ((-3 - -15) + 3)*7/r?
3, 5, 7
Suppose -2 - 22 = -6*n. Suppose -4*r = -4 - n. Suppose 0 = -v - r*v - 9, -4*u - 4*v = -180. What are the prime factors of u?
2, 3
Let t(g) = 32*g - 4. What are the prime factors of t(6)?
2, 47
Let u = 60 - 2. Let i = -34 + u. What are the prime factors of i + 1 + (3 - 4)?
2, 3
Let g = 2678 - 1474. List the prime factors of g.
2, 7, 43
Let h = -70 + 74. Suppose -n + 8 = -2*q + 4*n, 4*q - 5*n = h. What are the prime factors of q?
2, 3
Let i(a) = -36*a - 12. List the prime factors of i(-20).
2, 3, 59
Let a be ((-14)/4)/((-2)/28). Let p be (-8)/6*(-2 + 130/20). Let t = a - p. List the prime factors of t.
5, 11
Let x(s) = -s**3 - 12*s**2 - 13*s - 12. Let b be x(-11). Let n(f) = 2*f**2 - 13*f + 8. Let c be n(b). Let w = -41 + c. List the prime factors of w.
37
Let m = 743 + -741. Let j(v) = 5*v. Let o be j(5). Let q = o - m. What are the prime factors of q?
23
Suppose -4*j - 3*g + 172 = 0, -2*j + 2*g + 79 = -21. Let o = j + 152. List the prime factors of o.
2, 3, 11
Suppose 2*x - x + 6 = 0. Suppose 0 = -w + 3*h - 4 - 5, 0 = -3*w - 3*h - 27. Let d = x - w. What are the prime factors of d?
3
Suppose -195*a + 24960 = -182*a. List the prime factors of a.
2, 3, 5
Suppose 0 = -z - 5*d + 14 - 4, -4*z - 5*d + 10 = 0. Suppose 0 = -i + y + 4 - z, -i - 2*y - 2 = 0. Suppose -i*o + 36 = -8. List the prime factors of o.
2, 11
Suppose 10*c = 7*c + 5349. What are the prime factors of c?
1783
Let v(l) = -l**3 - 10*l**2 - 3*l - 9. Let d be v(-10). Suppose 0 = -u - 1, 2*t + 3*u = d. List the prime factors of t.
2, 3
Suppose -5*k - 4*d + 19 = 0, 4*k + 2*d = -0*d + 14. Suppose 10 = q - k*i, -i + 4*i = -3*q - 6. List the prime factors of 5/10*q*118.
59
Suppose 14 = -2*b - 4. Let u = 16 + b. What are the prime factors of (-15)/(-5) + (u - -1)?
11
Let x = -13 - -22. Suppose 0 = -11*l + x*l + 30. List the prime factors of l.
3, 5
Let f(i) = -9*i + 6. Let r be f(-4). Suppose -2*c - 3 = 33. Let p = r + c. What are the prime factors of p?
2, 3
Let u = 21 + -20. Let s be u + (-8)/(-4)*2. Suppose -4*p + 0*v - 5*v = -201, 200 = s*p - 4*v. List the prime factors of p.
2, 11
What are the prime factors of (-540)/(-2) - (5 + 16/(-4))?
269
Suppose 2*w - 2 = 3*w, 3*w - 141 = -3*t. Suppose 0 = q + 12 - t. Let s = 60 - q. What are the prime factors of s?
23
Let f be (-2)/7 + 47870/14. What are the prime factors of f/65 + 3/(-5)?
2, 13
Let h = 17 - 27. Let q(p) = -p - 7. Let y be q(h). Suppose 0 = -4*n + 73 + y. What are the prime factors of n?
19
Let u = 49 + -18. Let r = 71 - u. List the prime factors of r.
2, 5
Let n(a) = a + 8. Let b be n(-6). Suppose -111 - 57 = -4*h + b*i, 5*i + 10 = 0. List the prime factors of h.
41
Let w be (-4 - -2)/(6/(-15)). Suppose w*a = 9*a + 336. List the prime factors of (-4)/14 - 1788/a.
3, 7
Let m be 8/36 - 5/((-135)/(-1626)). Let d = -7 - m. List the prime factors of d.
53
Suppose 3*p = 10*p + 217. Let g = 5 + -66. Let b = p - g. What are the prime factors of b?
2, 3, 5
Let y(v) be the third derivative of v**5/60 - v**4/12 - v**3 + v**2 - v. Let z be 5/(-2)*1*2. List the prime factors of y(z).
29
What are the prime factors of (-3300)/(-30) - (-1 - -6)?
3, 5, 7
Suppose -5*m + 1624 = -1076. Let o = -332 + m. What are the prime factors of o?
2, 13
Let v(w) be the third derivative of w**4/8 + 5*w**3/2 - 16*w**2. What are the prime factors of v(8)?
3, 13
Let j = 85 + 164. What are the prime factors of j?
3, 83
Let l(w) = -32*w.